e -4*u - u + 1215 = 5*t, -6 = -2*t. Let a = u - 60. What is the units digit of a?
0
Let v(u) = -u**2 + 5*u + 8. Let l be 1 + 2/(-4)*-10. Let m be v(l). Suppose s = 5*d - 17, 4 = m*d - 4*s - 10. What is the units digit of d?
3
Suppose 7*v - 2219 = 4011. What is the units digit of v?
0
Let u = 39 - 22. Suppose 5*i - 102 = -u. What is the tens digit of i?
1
Suppose 0 = 4*z - 11 - 1. Suppose -4*o + z + 17 = 0. What is the units digit of o?
5
Let q(y) = 57*y**2 + 7*y - 1. What is the hundreds digit of q(-4)?
8
Suppose 0 = 2*o + 2*t - 114, 4*o + 3*t - 268 = 7*t. Suppose -m = -5*n - o, 0 = 4*m - 5*m - 5*n + 12. What is the tens digit of m?
3
Let n be (-374)/12 - (-1)/6. Let v = -26 - n. Suppose -56 = -4*o - 3*x, -2*x + 70 = v*o - x. What is the units digit of o?
4
Let g = -715 + 934. What is the hundreds digit of g?
2
Let p(q) be the first derivative of 1/3*q**3 + 7 + q + 1/2*q**2 - 13/4*q**4. What is the units digit of p(-1)?
4
Suppose -3*u = 50*m - 54*m + 7907, -4*m = -4*u - 7908. What is the units digit of m?
6
Let c(g) = 2*g**3 + 18*g**2 - 44*g - 53. What is the hundreds digit of c(9)?
4
Suppose -2*p + 8562 = -5*g, -4*p + 5*g = 3*g - 17108. What is the units digit of p?
6
Suppose 4*d - 1470 = -5*y, 3*d + y - 33 = 1075. What is the hundreds digit of d?
3
Let w = -34 - -36. Suppose 4*p + 2*n - w = 6*p, 0 = 3*p - n + 1. Suppose -2*m + 4*m + 2*v - 30 = 0, p = -4*v + 16. What is the units digit of m?
1
What is the hundreds digit of 12*(-42)/3*(-98)/28?
5
What is the tens digit of (-9246)/(-92)*(-4)/(-2)?
0
Suppose 0 = -3*x + 2*t + 1177 + 266, x - 481 = 3*t. What is the units digit of x?
1
Suppose 0 = a + a - 5*i - 145, -5*i = -a + 80. Suppose 4*k + 5*d - 78 = 4*d, a = 3*k + 4*d. What is the tens digit of k?
1
Let z = -425 - -1089. What is the units digit of z?
4
Let j be (8/(-6) + 1)*-9. Suppose 0 = -3*a - b - 44 + j, 3*a + 33 = -3*b. Let s(d) = d + 17. What is the units digit of s(a)?
2
Let f(i) be the first derivative of i**4/12 - i**3/3 + i**2/2 + 2*i - 4. Let b(z) be the first derivative of f(z). What is the units digit of b(4)?
9
Let y(s) = 4*s + 12. Let t be y(-6). Let z be (4/6)/(4/186). Let g = t + z. What is the units digit of g?
9
What is the units digit of (-41248)/(-40) - 3/15?
1
Suppose 0 = y - 3*y - 232. What is the units digit of y/(-2) - (2 - 1)?
7
Let c(u) = -4*u**2 - 5*u - 3. Let m(r) be the first derivative of -r**3 - 3*r**2 - 4*r - 2. Let t(k) = -4*c(k) + 5*m(k). What is the units digit of t(11)?
3
Let g = -663 - -1133. What is the hundreds digit of g?
4
Suppose -3269*d + 3272*d - 2367 = 0. What is the hundreds digit of d?
7
Let p = 250 - -347. What is the tens digit of p?
9
Let t(o) be the third derivative of -25*o**4/24 - 10*o**3/3 - 9*o**2. What is the hundreds digit of t(-6)?
1
Let h(t) = 2*t**3 + 24*t**2 - 2*t + 4. What is the hundreds digit of h(-11)?
2
Let b(g) be the second derivative of -g**5/10 - g**4/3 - g**3/2 - g**2 - g. Let y be b(-2). Let c = y - 1. What is the units digit of c?
3
Let o(u) = 9*u + 31. Let x be o(-4). What is the hundreds digit of 147 - (-2 - 1) - x?
1
Let p be 3/(1/292*6). Suppose -5*j - 5*w = -730, j + 0*w - 5*w = p. What is the tens digit of j?
4
Let j = 482 + 1355. What is the hundreds digit of j?
8
Let l be 3/12 - 2/8. Suppose l = -3*b - 2*n + 43 + 12, 3*b - 5*n - 83 = 0. Suppose 2*y + 9 = b. What is the units digit of y?
6
Let q be (14 + -9)*(-3)/(-5). Suppose -d - q*w + 147 = -0*w, 774 = 5*d + 2*w. What is the hundreds digit of d?
1
Let b = 24 - 14. Let a(k) = k**3 + 7*k**2 + 12*k - 15. Let o(c) = 3*c**3 + 13*c**2 + 23*c - 31. Let m(r) = 5*a(r) - 2*o(r). What is the tens digit of m(b)?
2
Let f(c) = -c**3 - 8*c**2 + 20*c. Let a be f(-10). Suppose 5*l - 1050 + 255 = a. What is the tens digit of l?
5
Let r(b) = 21*b + 28. What is the hundreds digit of r(11)?
2
Suppose 88*h - 66*h = 89628. What is the tens digit of h?
7
Let o be 2/(-8)*-1 + 840/(-32). Let h = o - -30. What is the units digit of h?
4
Let w = -57 - -272. Suppose 0 = 5*d + o - 2*o - 200, 5*d + 2*o - w = 0. What is the units digit of d?
1
Let j(a) = 1488*a - 412. What is the tens digit of j(4)?
4
Let t(v) = -41*v**3 - 5*v**2 - 6*v - 2. Let h be t(-1). Suppose 0 = 2*u - h - 142. What is the tens digit of u?
9
Let l(u) = -6*u**3 - 3*u**2 - 3*u + 1. Let d = 5 - 7. What is the units digit of l(d)?
3
Let l(k) = -245*k**3 - 2*k**2 - k - 5. What is the hundreds digit of l(-2)?
9
Let z be (-2)/((-8)/(-7) - 1). Let v = z - -18. Suppose 10 = -0*n + 5*n, 5*a - v*n = 72. What is the tens digit of a?
1
Let q(x) = -3*x**3 + x**2 + 2*x + 1. Let l = 6 + -7. Let w be q(l). Suppose 0*z + 15 = w*z. What is the units digit of z?
5
Let q(c) = c**2 - 3*c + 5. Let z be (-184)/(-44) - 2/11. Suppose -25 + 5 = z*t. What is the tens digit of q(t)?
4
Suppose 0*l + o - 81 = -2*l, 0 = -2*l + 2*o + 90. Let a = l + 56. What is the tens digit of a?
9
What is the units digit of (9415/45)/(8/72)?
3
Let g be (-6 - -2)*(0 - (-2)/4). What is the units digit of (-156)/(-3) + g + (2 - -3)?
5
Let d = 45 - 42. Suppose -d*c + 359 = -6*t + 5*t, 241 = 2*c - t. What is the hundreds digit of c?
1
Let d be 8 - (-4 + 9/3). Suppose t - d*t = -64. What is the units digit of t?
8
Suppose -8180 = 10*a - 27460. What is the thousands digit of a?
1
Let v = 817 - 361. What is the tens digit of v?
5
Let s = -1744 + 6844. What is the tens digit of s?
0
Let l(x) = 180*x + 88. What is the hundreds digit of l(7)?
3
Let d = -1666 - -2455. What is the units digit of d?
9
Let u(w) = -w**2 - 4*w + 10. Let g be u(-5). Let z be (-27)/(-45)*g/1. Suppose 3*t - 5*t + 2 = 0, z*t = 2*s - 71. What is the tens digit of s?
3
Suppose -3*j - 35 = -5*h - 6*j, -5*h - 5*j + 45 = 0. What is the tens digit of (10/15)/((-2)/(-204)*h)?
1
Suppose 4*u - 2*u + 90 = 0. What is the units digit of -14*(u/10 + 4)?
7
Suppose -2 + 6 = -4*k. Let x(m) = 125*m**2 + 4*m + 4. What is the units digit of x(k)?
5
Suppose 3*y - 34 = -7. Let j(g) = -g**3 + 9*g**2 - 8*g + 9. Let c be j(y). Let v = -43 - c. What is the tens digit of v?
2
Suppose -t - 1157 = -0*i - 2*i, -3*t + 589 = i. What is the tens digit of i?
8
Let k(b) = 570*b - 24. What is the tens digit of k(1)?
4
Let h = 596 + -206. What is the hundreds digit of 2/(-13) + 39060/h?
1
Suppose -21291 = v - 6*v - 3*l, -8532 = -2*v + 4*l. What is the tens digit of v/40 + 1/2?
0
Suppose 2*u = -0*u + 24. Suppose -4*r = -r - u. Suppose 34 = r*q - 3*m, q - 3*m - 3 = -5*m. What is the units digit of q?
7
Let f = -5 - -10. Suppose 0 = -3*z + 7*z - 4*p - 244, 0 = -3*z + 5*p + 189. Suppose -f*r + z = 8. What is the units digit of r?
0
Let k = 199 + -94. Suppose 165 = 3*w - k. What is the tens digit of w?
9
Let s = -19 - -24. Suppose s*a = h - 66, 2*h - h = -a + 96. What is the tens digit of h?
9
Let h(w) = -2*w**2 - 14*w - 2. Let d(l) = 5*l**2 + 43*l + 6. Let g(r) = 3*d(r) + 8*h(r). What is the units digit of g(17)?
2
Suppose v - 2759 = 22*k - 26*k, -4*v - 694 = -k. What is the units digit of k?
0
Suppose 8*n - 975 = 5*n - 3*o, 3*n - 955 = 2*o. What is the tens digit of n?
2
Suppose 5*d + 6 - 21 = 0. Suppose -2*x - 2*p = -254, -d*x = p + 252 - 631. What is the units digit of x?
6
Let c = -1187 - -1346. What is the hundreds digit of c?
1
Let m(f) = -3*f - 7. Let b be m(-3). Let q(x) = 2 - 5 + 1 + b*x. What is the units digit of q(3)?
4
Suppose 43 - 15 = 4*o. Suppose 9*u - 170 = o*u. Suppose -4*c = c - u. What is the tens digit of c?
1
Suppose 171 = 9*q - 8*q. Suppose q + 13 = s. What is the hundreds digit of s?
1
Suppose -5*d - j = -1970, -7*j = -10*j. What is the hundreds digit of d?
3
Suppose -28 = -3*f + 26. Suppose f = 7*l - l. Suppose -x + 19 = q + 3*q, -l*x = -9. What is the units digit of q?
4
What is the hundreds digit of (140/105)/((2 - 0)/2040)?
3
What is the units digit of ((-208)/(-10))/((-7)/(-35))?
4
Suppose 15*h + 156 = 17*h. Let i = h - -107. What is the tens digit of i?
8
Let r(m) = 12*m + m - 1 + 4. What is the tens digit of r(2)?
2
Suppose 4 = -0*o + 4*o. Let n = 23 + -37. What is the units digit of ((-49)/n)/(o/2)?
7
Suppose -2*j - 4 - 2 = 0. Let r(q) = 9*q**2 - 7*q - 8. What is the units digit of r(j)?
4
Let v be -1*145 + (-1 - 3)*-1. Let q = v + 227. What is the units digit of q?
6
Let o(f) be the second derivative of 5*f**4/6 + 2*f**3 + 6*f**2 + 34*f. What is the tens